[INFO] fetching crate cw-semver 1.0.14...
[INFO] checking cw-semver-1.0.14 against master#e6e4f7ed1589e03bc2f6c5931c1a72e7947e8682 for beta-170-4
[INFO] extracting crate cw-semver 1.0.14 into /workspace/builds/worker-7-tc2/source
[INFO] validating manifest of crates.io crate cw-semver 1.0.14 on toolchain e6e4f7ed1589e03bc2f6c5931c1a72e7947e8682
[INFO] running `Command { std: CARGO_HOME="/workspace/cargo-home" RUSTUP_HOME="/workspace/rustup-home" "/workspace/cargo-home/bin/cargo" "+e6e4f7ed1589e03bc2f6c5931c1a72e7947e8682" "metadata" "--manifest-path" "Cargo.toml" "--no-deps", kill_on_drop: false }`
[INFO] started tweaking crates.io crate cw-semver 1.0.14
[INFO] finished tweaking crates.io crate cw-semver 1.0.14
[INFO] tweaked toml for crates.io crate cw-semver 1.0.14 written to /workspace/builds/worker-7-tc2/source/Cargo.toml
[INFO] running `Command { std: CARGO_HOME="/workspace/cargo-home" RUSTUP_HOME="/workspace/rustup-home" __CARGO_TEST_CHANNEL_OVERRIDE_DO_NOT_USE_THIS="nightly" "/workspace/cargo-home/bin/cargo" "+e6e4f7ed1589e03bc2f6c5931c1a72e7947e8682" "generate-lockfile" "--manifest-path" "Cargo.toml" "-Zno-index-update", kill_on_drop: false }`
[INFO] running `Command { std: CARGO_HOME="/workspace/cargo-home" RUSTUP_HOME="/workspace/rustup-home" "/workspace/cargo-home/bin/cargo" "+e6e4f7ed1589e03bc2f6c5931c1a72e7947e8682" "fetch" "--manifest-path" "Cargo.toml", kill_on_drop: false }`
[INFO] running `Command { std: "docker" "create" "-v" "/var/lib/crater-agent-workspace/builds/worker-7-tc2/target:/opt/rustwide/target:rw,Z" "-v" "/var/lib/crater-agent-workspace/builds/worker-7-tc2/source:/opt/rustwide/workdir:ro,Z" "-v" "/var/lib/crater-agent-workspace/cargo-home:/opt/rustwide/cargo-home:ro,Z" "-v" "/var/lib/crater-agent-workspace/rustup-home:/opt/rustwide/rustup-home:ro,Z" "-e" "SOURCE_DIR=/opt/rustwide/workdir" "-e" "CARGO_TARGET_DIR=/opt/rustwide/target" "-e" "CARGO_HOME=/opt/rustwide/cargo-home" "-e" "RUSTUP_HOME=/opt/rustwide/rustup-home" "-w" "/opt/rustwide/workdir" "-m" "1610612736" "--user" "0:0" "--network" "none" "ghcr.io/rust-lang/crates-build-env/linux@sha256:19e73879b68f455e41552ea35293514db52ea292d993f571636dbffedb77a1ee" "/opt/rustwide/cargo-home/bin/cargo" "+e6e4f7ed1589e03bc2f6c5931c1a72e7947e8682" "metadata" "--no-deps" "--format-version=1", kill_on_drop: false }`
[INFO] [stdout] 784699259b4e7336344e2deb86d724783197afcd4ef932ca81bfc7fe0b6ff2d1
[INFO] running `Command { std: "docker" "start" "-a" "784699259b4e7336344e2deb86d724783197afcd4ef932ca81bfc7fe0b6ff2d1", kill_on_drop: false }`
[INFO] running `Command { std: "docker" "inspect" "784699259b4e7336344e2deb86d724783197afcd4ef932ca81bfc7fe0b6ff2d1", kill_on_drop: false }`
[INFO] running `Command { std: "docker" "rm" "-f" "784699259b4e7336344e2deb86d724783197afcd4ef932ca81bfc7fe0b6ff2d1", kill_on_drop: false }`
[INFO] [stdout] 784699259b4e7336344e2deb86d724783197afcd4ef932ca81bfc7fe0b6ff2d1
[INFO] running `Command { std: "docker" "create" "-v" "/var/lib/crater-agent-workspace/builds/worker-7-tc2/target:/opt/rustwide/target:rw,Z" "-v" "/var/lib/crater-agent-workspace/builds/worker-7-tc2/source:/opt/rustwide/workdir:ro,Z" "-v" "/var/lib/crater-agent-workspace/cargo-home:/opt/rustwide/cargo-home:ro,Z" "-v" "/var/lib/crater-agent-workspace/rustup-home:/opt/rustwide/rustup-home:ro,Z" "-e" "SOURCE_DIR=/opt/rustwide/workdir" "-e" "CARGO_TARGET_DIR=/opt/rustwide/target" "-e" "CARGO_INCREMENTAL=0" "-e" "RUST_BACKTRACE=full" "-e" "RUSTFLAGS=--cap-lints=forbid" "-e" "RUSTDOCFLAGS=--cap-lints=forbid" "-e" "CARGO_HOME=/opt/rustwide/cargo-home" "-e" "RUSTUP_HOME=/opt/rustwide/rustup-home" "-w" "/opt/rustwide/workdir" "-m" "1610612736" "--user" "0:0" "--network" "none" "ghcr.io/rust-lang/crates-build-env/linux@sha256:19e73879b68f455e41552ea35293514db52ea292d993f571636dbffedb77a1ee" "/opt/rustwide/cargo-home/bin/cargo" "+e6e4f7ed1589e03bc2f6c5931c1a72e7947e8682" "check" "--frozen" "--all" "--all-targets" "--message-format=json", kill_on_drop: false }`
[INFO] [stdout] 2e6ba43b36e83226b59e51b8d7837ecec39199644f423891cb564f68dc2e8219
[INFO] running `Command { std: "docker" "start" "-a" "2e6ba43b36e83226b59e51b8d7837ecec39199644f423891cb564f68dc2e8219", kill_on_drop: false }`
[INFO] [stderr]    Compiling cw-semver v1.0.14 (/opt/rustwide/workdir)
[INFO] [stdout] error[E0432]: unresolved import `semver`
[INFO] [stdout]  --> tests/util/mod.rs:3:5
[INFO] [stdout]   |
[INFO] [stdout] 3 | use semver::{BuildMetadata, Error, Prerelease, Version, VersionReq};
[INFO] [stdout]   |     ^^^^^^ use of undeclared crate or module `semver`
[INFO] [stdout] 
[INFO] [stdout] 
[INFO] [stdout] error[E0432]: unresolved import `semver`
[INFO] [stdout]   --> tests/test_version.rs:10:5
[INFO] [stdout]    |
[INFO] [stdout] 10 | use semver::{BuildMetadata, Prerelease, Version};
[INFO] [stdout]    |     ^^^^^^ use of undeclared crate or module `semver`
[INFO] [stdout] 
[INFO] [stdout] 
[INFO] [stdout] error[E0432]: unresolved import `semver`
[INFO] [stdout]  --> tests/util/mod.rs:3:5
[INFO] [stdout]   |
[INFO] [stdout] 3 | use semver::{BuildMetadata, Error, Prerelease, Version, VersionReq};
[INFO] [stdout]   |     ^^^^^^ use of undeclared crate or module `semver`
[INFO] [stdout] 
[INFO] [stdout] 
[INFO] [stdout] error[E0432]: unresolved import `semver`
[INFO] [stdout]   --> tests/test_identifier.rs:11:5
[INFO] [stdout]    |
[INFO] [stdout] 11 | use semver::Prerelease;
[INFO] [stdout]    |     ^^^^^^ use of undeclared crate or module `semver`
[INFO] [stdout] 
[INFO] [stdout] 
[INFO] [stdout] error: aborting due to 2 previous errors
[INFO] [stdout] 
[INFO] [stdout] 
[INFO] [stdout] For more information about this error, try `rustc --explain E0432`.
[INFO] [stdout] 
[INFO] [stderr] error: could not compile `cw-semver` (test "test_version") due to 3 previous errors
[INFO] [stderr] warning: build failed, waiting for other jobs to finish...
[INFO] [stdout] error: aborting due to 2 previous errors
[INFO] [stdout] 
[INFO] [stdout] 
[INFO] [stdout] For more information about this error, try `rustc --explain E0432`.
[INFO] [stdout] 
[INFO] [stdout] error[E0432]: unresolved import `semver`
[INFO] [stdout]  --> benches/parse.rs:5:5
[INFO] [stdout]   |
[INFO] [stdout] 5 | use semver::{Prerelease, Version, VersionReq};
[INFO] [stdout]   |     ^^^^^^ use of undeclared crate or module `semver`
[INFO] [stdout] 
[INFO] [stdout] 
[INFO] [stderr] error: could not compile `cw-semver` (test "test_identifier") due to 3 previous errors
[INFO] [stdout] error: aborting due to previous error
[INFO] [stdout] 
[INFO] [stdout] 
[INFO] [stdout] For more information about this error, try `rustc --explain E0432`.
[INFO] [stdout] 
[INFO] [stderr] error: could not compile `cw-semver` (bench "parse") due to 2 previous errors
[INFO] [stdout] error[E0432]: unresolved import `semver`
[INFO] [stdout]  --> tests/util/mod.rs:3:5
[INFO] [stdout]   |
[INFO] [stdout] 3 | use semver::{BuildMetadata, Error, Prerelease, Version, VersionReq};
[INFO] [stdout]   |     ^^^^^^ use of undeclared crate or module `semver`
[INFO] [stdout] 
[INFO] [stdout] 
[INFO] [stdout] error[E0433]: failed to resolve: use of undeclared crate or module `semver`
[INFO] [stdout]  --> tests/test_autotrait.rs:5:24
[INFO] [stdout]   |
[INFO] [stdout] 5 |     assert_send_sync::<semver::BuildMetadata>();
[INFO] [stdout]   |                        ^^^^^^ use of undeclared crate or module `semver`
[INFO] [stdout] 
[INFO] [stdout] 
[INFO] [stdout] error[E0433]: failed to resolve: use of undeclared crate or module `semver`
[INFO] [stdout]  --> tests/test_autotrait.rs:6:24
[INFO] [stdout]   |
[INFO] [stdout] 6 |     assert_send_sync::<semver::Comparator>();
[INFO] [stdout]   |                        ^^^^^^ use of undeclared crate or module `semver`
[INFO] [stdout] 
[INFO] [stdout] 
[INFO] [stdout] error[E0433]: failed to resolve: use of undeclared crate or module `semver`
[INFO] [stdout]  --> tests/test_autotrait.rs:7:24
[INFO] [stdout]   |
[INFO] [stdout] 7 |     assert_send_sync::<semver::Error>();
[INFO] [stdout]   |                        ^^^^^^ use of undeclared crate or module `semver`
[INFO] [stdout] 
[INFO] [stdout] 
[INFO] [stdout] error[E0433]: failed to resolve: use of undeclared crate or module `semver`
[INFO] [stdout]  --> tests/test_autotrait.rs:8:24
[INFO] [stdout]   |
[INFO] [stdout] 8 |     assert_send_sync::<semver::Prerelease>();
[INFO] [stdout]   |                        ^^^^^^ use of undeclared crate or module `semver`
[INFO] [stdout] 
[INFO] [stdout] 
[INFO] [stdout] error[E0433]: failed to resolve: use of undeclared crate or module `semver`
[INFO] [stdout]  --> tests/test_autotrait.rs:9:24
[INFO] [stdout]   |
[INFO] [stdout] 9 |     assert_send_sync::<semver::Version>();
[INFO] [stdout]   |                        ^^^^^^ use of undeclared crate or module `semver`
[INFO] [stdout] 
[INFO] [stdout] 
[INFO] [stdout] error[E0433]: failed to resolve: use of undeclared crate or module `semver`
[INFO] [stdout]   --> tests/test_autotrait.rs:10:24
[INFO] [stdout]    |
[INFO] [stdout] 10 |     assert_send_sync::<semver::VersionReq>();
[INFO] [stdout]    |                        ^^^^^^ use of undeclared crate or module `semver`
[INFO] [stdout] 
[INFO] [stdout] 
[INFO] [stdout] error[E0433]: failed to resolve: use of undeclared crate or module `semver`
[INFO] [stdout]   --> tests/test_autotrait.rs:11:24
[INFO] [stdout]    |
[INFO] [stdout] 11 |     assert_send_sync::<semver::Op>();
[INFO] [stdout]    |                        ^^^^^^ use of undeclared crate or module `semver`
[INFO] [stdout] 
[INFO] [stdout] 
[INFO] [stdout] error: aborting due to 7 previous errors
[INFO] [stdout] 
[INFO] [stdout] 
[INFO] [stdout] For more information about this error, try `rustc --explain E0433`.
[INFO] [stdout] 
[INFO] [stdout] error[E0432]: unresolved import `semver`
[INFO] [stdout]   --> tests/test_version_req.rs:18:5
[INFO] [stdout]    |
[INFO] [stdout] 18 | use semver::VersionReq;
[INFO] [stdout]    |     ^^^^^^ use of undeclared crate or module `semver`
[INFO] [stdout] 
[INFO] [stdout] 
[INFO] [stderr] error: could not compile `cw-semver` (test "test_autotrait") due to 8 previous errors
[INFO] [stdout] error: aborting due to 2 previous errors
[INFO] [stdout] 
[INFO] [stdout] 
[INFO] [stdout] For more information about this error, try `rustc --explain E0432`.
[INFO] [stdout] 
[INFO] [stderr] error: could not compile `cw-semver` (test "test_version_req") due to 3 previous errors
[INFO] running `Command { std: "docker" "inspect" "2e6ba43b36e83226b59e51b8d7837ecec39199644f423891cb564f68dc2e8219", kill_on_drop: false }`
[INFO] running `Command { std: "docker" "rm" "-f" "2e6ba43b36e83226b59e51b8d7837ecec39199644f423891cb564f68dc2e8219", kill_on_drop: false }`
[INFO] [stdout] 2e6ba43b36e83226b59e51b8d7837ecec39199644f423891cb564f68dc2e8219
